
-3 (base 12) to base 5
-3
What is -33 (base 8) in base 4?
-123
Convert 8 (base 10) to base 6.
12
Convert 2 (base 16) to base 11.
2
-10222 (base 3) to base 14
-79
Convert -a (base 13) to base 8.
-12
Convert -6 (base 15) to base 6.
-10
What is -8 (base 15) in base 13?
-8
What is -14 (base 10) in base 4?
-32
Convert 139 (base 15) to base 9.
340
Convert -54 (base 6) to base 13.
-28
111 (base 2) to base 11
7
Convert 31 (base 14) to base 10.
43
Convert 12 (base 14) to base 7.
22
102 (base 6) to base 11
35
Convert -160 (base 7) to base 8.
-133
Convert -138 (base 14) to base 11.
-204
Convert -1 (base 14) to base 3.
-1
Convert 102 (base 3) to base 12.
b
-1000 (base 2) to base 4
-20
What is 21 (base 6) in base 14?
d
Convert 12 (base 9) to base 3.
102
What is -131 (base 5) in base 3?
-1112
Convert -72 (base 8) to base 15.
-3d
What is -3 (base 12) in base 15?
-3
What is -1 (base 14) in base 11?
-1
5 (base 11) to base 15
5
What is -11 (base 14) in base 11?
-14
Convert -3 (base 14) to base 6.
-3
Convert -10 (base 7) to base 9.
-7
d4 (base 15) to base 14
103
What is -b8 (base 16) in base 12?
-134
Convert 10 (base 4) to base 13.
4
What is 101 (base 2) in base 8?
5
Convert -52 (base 10) to base 6.
-124
-5 (base 11) to base 16
-5
7d (base 16) to base 14
8d
What is 1a (base 12) in base 13?
19
Convert -11 (base 3) to base 15.
-4
What is 11 (base 8) in base 15?
9
What is 33 (base 4) in base 8?
17
Convert 1 (base 14) to base 10.
1
What is 1 (base 16) in base 4?
1
Convert 48 (base 11) to base 14.
3a
-6 (base 13) to base 2
-110
Convert -11 (base 13) to base 11.
-13
0 (base 6) to base 7
0
What is -3 (base 9) in base 12?
-3
0 (base 6) to base 4
0
Convert 103 (base 9) to base 10.
84
What is 36 (base 9) in base 4?
201
Convert -3 (base 11) to base 15.
-3
56 (base 8) to base 3
1201
-2 (base 8) to base 7
-2
What is 25 (base 7) in base 10?
19
Convert -3 (base 16) to base 14.
-3
Convert -101 (base 7) to base 16.
-32
163 (base 7) to base 15
64
Convert -5 (base 9) to base 10.
-5
What is -1 (base 12) in base 7?
-1
-12 (base 6) to base 12
-8
Convert 10 (base 7) to base 11.
7
-122 (base 5) to base 8
-45
What is 101011 (base 2) in base 4?
223
Convert 7 (base 9) to base 10.
7
Convert -3 (base 7) to base 6.
-3
Convert 0 (base 10) to base 7.
0
110 (base 3) to base 10
12
What is 16 (base 14) in base 10?
20
Convert -1100 (base 3) to base 12.
-30
Convert -243 (base 7) to base 3.
-11210
What is 253 (base 6) in base 10?
105
Convert 5 (base 11) to base 14.
5
Convert -1 (base 11) to base 5.
-1
-1000 (base 2) to base 9
-8
Convert 2 (base 3) to base 9.
2
Convert 2313 (base 4) to base 5.
1213
Convert -1010 (base 3) to base 12.
-26
What is 10 (base 15) in base 10?
15
Convert -110 (base 3) to base 10.
-12
What is -211 (base 3) in base 13?
-19
What is -3 (base 5) in base 13?
-3
What is 140 (base 6) in base 14?
44
What is -2 (base 12) in base 15?
-2
Convert -20 (base 16) to base 9.
-35
What is 45 (base 11) in base 4?
301
1033 (base 4) to base 9
87
Convert 212 (base 4) to base 10.
38
-11 (base 2) to base 7
-3
What is 202 (base 4) in base 3?
1021
What is -b (base 16) in base 4?
-23
Convert -a (base 13) to base 12.
-a
Convert -8 (base 16) to base 5.
-13
-25 (base 13) to base 5
-111
Convert 112 (base 3) to base 6.
22
-3 (base 12) to base 4
-3
-12 (base 10) to base 3
-110
Convert 2 (base 8) to base 4.
2
Convert 0 (base 13) to base 14.
0
12 (base 7) to base 14
9
What is 122 (base 3) in base 10?
17
What is -1 (base 10) in base 11?
-1
What is 4 (base 14) in base 15?
4
Convert 3 (base 12) to base 9.
3
Convert -4b (base 16) to base 2.
-1001011
What is 4 (base 5) in base 15?
4
What is 3 (base 11) in base 12?
3
Convert 1 (base 13) to base 14.
1
What is -b (base 14) in base 2?
-1011
Convert 10001000 (base 2) to base 9.
161
What is -142 (base 7) in base 4?
-1033
Convert 101 (base 2) to base 15.
5
Convert -1 (base 12) to base 10.
-1
Convert -6 (base 15) to base 8.
-6
Convert 1a (base 11) to base 15.
16
Convert -1 (base 12) to base 2.
-1
What is 13 (base 11) in base 2?
1110
Convert -32 (base 7) to base 10.
-23
Convert -ae (base 15) to base 6.
-432
-32 (base 8) to base 5
-101
3 (base 11) to base 13
3
Convert -7 (base 13) to base 6.
-11
-10 (base 11) to base 9
-12
1c (base 14) to base 11
24
What is 28 (base 12) in base 4?
200
1 (base 3) to base 12
1
Convert 1 (base 11) to base 7.
1
Convert -2 (base 16) to base 6.
-2
-41 (base 8) to base 3
-1020
Convert 0 (base 16) to base 15.
0
What is -11 (base 10) in base 13?
-b
-5 (base 12) to base 11
-5
Convert 21 (base 4) to base 14.
9
Convert -100120 (base 3) to base 12.
-196
15f (base 16) to base 5
2401
What is b (base 12) in base 2?
1011
What is -13 (base 4) in base 13?
-7
Convert 1 (base 16) to base 15.
1
Convert -65 (base 15) to base 16.
-5f
57 (base 12) to base 4
1003
4 (base 10) to base 2
100
-140 (base 5) to base 13
-36
What is 5 (base 10) in base 5?
10
Convert -b (base 14) to base 6.
-15
What is -153 (base 8) in base 14?
-79
What is b (base 12) in base 9?
12
Convert 121 (base 8) to base 6.
213
What is 34 (base 16) in base 6?
124
-31 (base 4) to base 15
-d
What is 11022 (base 3) in base 6?
312
Convert 327 (base 8) to base 13.
137
Convert -71 (base 11) to base 5.
-303
Convert 1 (base 10) to base 5.
1
What is -328 (base 9) in base 2?
-100001101
-3 (base 13) to base 2
-11
What is 79 (base 10) in base 13?
61
Convert 12 (base 4) to base 6.
10
-21 (base 11) to base 3
-212
What is 17 (base 11) in base 8?
22
What is 203 (base 5) in base 2?
110101
-1010101 (base 2) to base 8
-125
Convert 10 (base 3) to base 6.
3
Convert -9 (base 13) to base 9.
-10
Convert 1 (base 8) to base 10.
1
57 (base 10) to base 3
2010
What is 1 (base 6) in base 9?
1
Convert 10 (base 8) to base 5.
13
Convert -15 (base 6) to base 10.
-11
Convert 204 (base 6) to base 11.
6a
Convert -34 (base 16) to base 6.
-124
What is 223 (base 4) in base 3?
1121
52 (base 10) to base 9
57
Convert 7 (base 14) to base 8.
7
What is 3 (base 9) in base 14?
3
11 (base 4) to base 12
5
Convert 1 (base 7) to base 14.
1
What is 4 (base 14) in base 9?
4
-1022 (base 3) to base 8
-43
-2 (base 14) to base 12
-2
What is 11 (base 2) in base 5?
3
What is 1 (base 14) in base 5?
1
What is 252 (base 6) in base 8?
150
What is c (base 15) in base 13?
c
Convert 3 (base 14) to base 11.
3
e (base 16) to base 3
112
Convert 101 (base 7) to base 3.
1212
Convert -251 (base 8) to base 4.
-2221
What is 101 (base 4) in base 14?
13
Convert -24 (base 5) to base 2.
-1110
204 (base 7) to base 11
93
What is 3 (base 11) in base 2?
11
Convert 2 (base 5) to base 2.
10
What is 13 (base 7) in base 12?
a
Convert -28 (base 11) to base 8.
-36
Convert 4 (base 10) to base 9.
4
Convert 2b (base 14) to base 6.
103
Convert 3 (base 8) to base 3.
10
-2 (base 16) to base 3
-2
What is 4 (base 9) in base 4?
10
-102 (base 11) to base 8
-173
What is -e (base 15) in base 3?
-112
Convert 2 (base 16) to base 11.
2
Convert -1 (base 14) to base 3.
-1
Convert -15 (base 10) to base 2.
-1111
3 (base 16) to base 5
3
Convert -5 (base 11) to base 10.
-5
What is 111 (base 2) in base 10?
7
-1 (base 4) to base 12
-1
Convert 114 (base 9) to base 10.
94
-52 (base 11) to base 6
-133
Convert -10 (base 16) to base 3.
-121
11100101 (base 2) to base 13
148
Convert 3 (base 16) to base 9.
3
-18 (base 9) to base 7
-23
What is 3 (base 16) in base 6?
3
What is -37 (base 13) in base 6?
-114
Convert -1 (base 15) to base 13.
-1
-3 (base 11) to base 10
-3
45 (base 11) to base 7
100
-152 (base 8) to base 11
-97
What is 14 (base 10) in base 7?
20
Convert 11 (base 4) to base 14.
5
Convert -74 (base 11) to base 2.
-1010001
-10333 (base 4) to base 7
-634
Convert 62 (base 11) to base 16.
44
What is 5 (base 12) in base 10?
5
Convert -10 (base 4) to base 3.
-11
Convert 214 (base 6) to base 9.
101
What is c (base 16) in base 13?
c
Convert -12 (base 4) to base 14.
-6
What is -43 (base 9) in base 13?
-30
-5 (base 13) to base 10
-5
What is 6 (base 10) in base 3?
20
What is -1014 (base 5) in base 13?
-a4
Convert -6 (base 12) to base 7.
-6
5 (base 7) to base 12
5
What is 121 (base 5) in base 15?
26
-73 (base 14) to base 6
-245
113 (base 9) to base 5
333
-2e (base 15) to base 2
-101100
What is 44 (base 5) in base 16?
18
Convert 6 (base 8) to base 11.
6
What is -44 (base 9) in base 7?
-55
c (base 13) to base 10
12
158 (